alse
Is 48518513 composite?
False
Is 42192089 a composite number?
False
Is 743993 a composite number?
True
Is 5413453 a prime number?
True
Is 1569709 composite?
True
Is 825276257 prime?
False
Is 6313061 a prime number?
False
Is 4525649 prime?
False
Is 1198697135 a composite number?
True
Is 7850519 a prime number?
False
Is 623399 composite?
True
Is 1710739 a composite number?
True
Is 848088455 prime?
False
Is 3680263 a composite number?
False
Is 2029439 prime?
True
Is 125772049 a prime number?
False
Is 2353445 prime?
False
Is 197779781 prime?
True
Is 20810443 composite?
False
Is 4877905 a prime number?
False
Is 12100771 a prime number?
True
Is 15028679 composite?
True
Is 1294421 a composite number?
True
Is 595219 a composite number?
True
Is 1081031713 prime?
True
Is 336893749 a prime number?
False
Is 3835681 a composite number?
False
Is 11639161 a composite number?
False
Is 47065819 a prime number?
False
Is 5241121 prime?
False
Is 5450353 a composite number?
True
Is 129787279 prime?
True
Is 1167653 a composite number?
False
Is 531549709 composite?
True
Is 7203379 composite?
False
Is 11943527 composite?
False
Is 3417649 a composite number?
False
Is 1160472059 composite?
False
Is 167120099 a prime number?
True
Is 140147863 composite?
False
Is 10762349 a prime number?
False
Is 4430113 prime?
True
Is 130182303 a composite number?
True
Is 319363411 composite?
True
Is 4357567 a prime number?
True
Is 4623221 prime?
False
Is 40952783 a prime number?
True
Is 2137553 prime?
False
Is 1082291 a composite number?
True
Is 12551297 a prime number?
False
Is 741149 composite?
True
Is 83429 composite?
True
Is 28060283 prime?
False
Is 27831 prime?
False
Is 8050543 composite?
False
Is 104947 a prime number?
True
Is 4469945 a prime number?
False
Is 524561 prime?
False
Is 1280399 a composite number?
False
Is 142399 a prime number?
False
Is 2445691 prime?
False
Is 4190422 a prime number?
False
Is 6144751 a composite number?
False
Is 77564519 composite?
True
Is 15934957 prime?
True
Is 3833059 prime?
True
Is 6569777 a prime number?
False
Is 2128963 composite?
False
Is 50501923 composite?
True
Is 768320821 composite?
True
Is 11345363 prime?
True
Is 25267067 composite?
True
Is 4942969 a prime number?
True
Is 176905783 a composite number?
False
Is 135018463 a prime number?
True
Is 27333937 prime?
True
Is 32334917 composite?
True
Is 17144321 a prime number?
True
Is 2660839 prime?
True
Is 1151539 composite?
True
Is 120108049 a prime number?
True
Is 685003 a composite number?
True
Is 154747561 prime?
True
Is 26082787 prime?
False
Is 2495667 composite?
True
Is 2281765 composite?
True
Is 11451049 a prime number?
False
Is 7936367 composite?
False
Is 42803573 prime?
True
Is 10826801 a prime number?
True
Is 254189 prime?
False
Is 28087354 composite?
True
Is 117633713 composite?
False
Is 99911263 composite?
False
Is 37611281 a composite number?
False
Is 61254455 a composite number?
True
Is 1533971 composite?
False
Is 611851 a prime number?
False
Is 25081999 a prime number?
True
Is 225679471 composite?
True
Is 1356869 a composite number?
False
Is 5429297 a prime number?
True
Is 27836033 a prime number?
False
Is 74721883 composite?
True
Is 140159 a prime number?
True
Is 2007758 a prime number?
False
Is 762310655 a prime number?
False
Is 6544883 a prime number?
True
Is 10426249 a prime number?
True
Is 22701617 a composite number?
False
Is 3013105 a composite number?
True
Is 1518623 prime?
True
Is 19799707 composite?
False
Is 756373 a composite number?
False
Is 1329283 a composite number?
False
Is 9691927 a prime number?
False
Is 1652789 a composite number?
False
Is 69550249 a composite number?
False
Is 660719 a composite number?
False
Is 156265 prime?
False
Is 1892369 a prime number?
False
Is 1612898789 a prime number?
True
Is 276022199 a composite number?
False
Is 26369677 a composite number?
True
Is 113858 a composite number?
True
Is 154117 composite?
True
Is 19930549 composite?
False
Is 30386053 composite?
False
Is 16719371 a composite number?
False
Is 254626069 a prime number?
False
Is 21795359 a composite number?
True
Is 19459621 a prime number?
True
Is 463668661 composite?
True
Is 6124909 prime?
False
Is 6400609 prime?
False
Is 16402301 a prime number?
False
Is 3535489 prime?
True
Is 37508629 a prime number?
False
Is 13446593 composite?
True
Is 21645903 a composite number?
True
Is 6544247 prime?
False
Is 3264553 a prime number?
True
Is 4389493 a prime number?
False
Is 378868799 a composite number?
False
Is 7626439 prime?
False
Is 365543 prime?
False
Is 2354311 composite?
False
Is 56494079 composite?
True
Is 17055353 prime?
False
Is 14261711 a prime number?
True
Is 64442999 composite?
False
Is 695047 a composite number?
False
Is 1533349 composite?
True
Is 170104043 composite?
False
Is 27653981 prime?
False
Is 60275959 composite?
False
Is 32475229 a composite number?
False
Is 3811507 composite?
True
Is 8196719 a prime number?
True
Is 381523 a composite number?
False
Is 4318891 composite?
False
Is 2299303 a composite number?
False
Is 6985435 prime?
False
Is 543066991 prime?
False
Is 35689519 a prime number?
True
Is 241879745 prime?
False
Is 959537 prime?
False
Is 28748357 a prime number?
False
Is 1962539 a composite number?
True
Is 3262241 a composite number?
False
Is 3652121 composite?
True
Is 3046551 prime?
False
Is 10206155 composite?
True
Is 105269999 a composite number?
True
Is 11366269 prime?
False
Is 204739 prime?
False
Is 67910411 a prime number?
False
Is 271298273 prime?
True
Is 21212423 composite?
False
Is 45132755 a prime number?
False
Is 3213937 composite?
False
Is 18739495 composite?
True
Is 62245219 a prime number?
True
Is 28981819 prime?
True
Is 18262311 a prime number?
False
Is 12655481 a prime number?
True
Is 120899 a composite number?
False
Is 34087699 composite?
False
Is 29861 composite?
True
Is 9833269 a prime number?
False
Is 333759103 a composite number?
True
Is 1682441 composite?
True
Is 19949 composite?
False
Is 2020019 composite?
False
Is 17135299 a prime number?
False
Is 898687 a composite number?
True
Is 1762091 a composite number?
True
Is 79158559 prime?
True
Is 91622779 composite?
True
Is 1033469 prime?
True
Is 49786001 prime?
False
Is 24505139 prime?
True
Is 257327 a prime number?
False
Is 579251 composite?
False
Is 9133399 composite?
True
Is 3497321 a composite number?
False
Is 5173853 prime?
False
Is 292179254 a prime number?
False
Is 26488943 composite?
True
Is 8818123 a prime number?
False
Is 372033511 composite?
True
Is 49868407 a composite number?
True
Is 1241549 composite?
False
Is 5659341 composite?
True
Is 12514949 a composite number?
False
Is 46766873 composite?
True
Is 313897541 a prime number?
False
Is 595463 prime?
False
Is 2544473 composite?
True
Is 21830507 composite?
False
Is 1413161 prime?
True
Is 9036221 composite?
True
Is 81149239 a prime number?
True
Is 63725101 a composite number?
True
Is 1719377 composite?
True
Is 27061861 a composite number?
False
Is 6557501 a composite number?
True
Is 6610294 a prime number?
False
Is 1774582 composite?
True
Is 29547293 composite?
False
Is 132245171 prime?
False
Is 32360657 composite?
True
Is 2583169 a prime number?
True
Is 553199 a composite number?
True
Is 564878207 a composite number?
False
Is 45623017 a composite number?
True
Is 55249463 prime?
True
Is 139131199 composite?
False
Is 3604871 a composite number?
False
Is 90171506 a prime number?
False
Is 6635095 prime?
False
Is 2686751 a prime number?
True
Is 32570803 a prime number?
True
Is 111745847 a prime number?
True
Is 246373 composite?
True
Is 2728451 a prime number?
False
Is 59600901 prime?
False
Is 44973307 composite?
True
Is 6653929 a prime number?
False
Is 1426049 prime?
False
Is 39929503 prime?
True
Is 15391645 prime?
False
Is 6961117 composite?
False
Is 123330541 a prime number?
True
Is 5080445 a composite number?
True
Is 96598057 a composite number?
False
Is 82699 a prime number?
True
Is 83915193 composite?
True
Is 1296509 a prime number?
False
Is 259339463 a composite number?
True
Is 1575859 a prime number?
False
Is 2259181 a prime number?
False
Is 128197111 a composite number?
True
Is 22134813 a composite number?
True
Is 9409393 composite?
True
Is 83518033 a composite number?
True
Is 10441 prime?
False
Is 3572819 a prime nu